{"id":49,"date":"2019-08-02T10:41:03","date_gmt":"2019-08-02T01:41:03","guid":{"rendered":"http:\/\/ccijb.institucional.ws\/jp\/?page_id=49"},"modified":"2022-04-23T09:23:01","modified_gmt":"2022-04-23T12:23:01","slug":"sede","status":"publish","type":"page","link":"https:\/\/camaradojapao.org.br\/old-jp\/sede\/","title":{"rendered":"\u6240\u5728\u5730"},"content":{"rendered":"<h4>\u30d6\u30e9\u30b8\u30eb\u65e5\u672c\u5546\u5de5\u4f1a\u8b70\u6240<br \/>\nC\u00e2mara de Com\u00e9rcio e Ind\u00fastria Japonesa do Brasil<\/h4>\n<p>Av.Paulista, 475 &#8211; 13\u00ba andar \uff08\u5730\u4e0b\u9244 Brigadeiro \u99c5\u524d\uff09<br \/>\nCEP: 01311-908 S\u00e3o Paulo &#8211; SP<br \/>\nfone: +55 (11)3178-6233 \/ fax: +55 (11) 3284-0932<br \/>\ne-mail: <a href=\"mailto:secretaria@camaradojapao.org.br\">secretaria@camaradojapao.org.br<\/a><\/p>\n<p>&nbsp;<\/p>\n<p><iframe loading=\"lazy\" frameborder=\"0\" height=\"700\" src=\"https:\/\/www.google.com\/maps\/embed?pb=!1m18!1m12!1m3!1d7314.013771141765!2d-46.648399247367976!3d-23.56819618517756!2m3!1f0!2f0!3f0!3m2!1i1024!2i768!4f13.1!3m3!1m2!1s0x94ce59bed75fee9b%3A0x6baf92d9bdf21cc6!2sC%C3%A2mara+de+Com%C3%A9rcio+e+Ind%C3%BAstria+Japonesa+do+Brasil!5e0!3m2!1sja!2sbr!4v1416400295841\" style=\"border:0\" width=\"600\"><\/iframe><\/p>\n<p>&nbsp;<\/p>\n\r\n\r\n\r\n<p><\/p>\r\n","protected":false},"excerpt":{"rendered":"","protected":false},"author":1,"featured_media":0,"parent":0,"menu_order":3,"comment_status":"closed","ping_status":"closed","template":"","meta":[],"_links":{"self":[{"href":"https:\/\/camaradojapao.org.br\/old-jp\/wp-json\/wp\/v2\/pages\/49"}],"collection":[{"href":"https:\/\/camaradojapao.org.br\/old-jp\/wp-json\/wp\/v2\/pages"}],"about":[{"href":"https:\/\/camaradojapao.org.br\/old-jp\/wp-json\/wp\/v2\/types\/page"}],"author":[{"embeddable":true,"href":"https:\/\/camaradojapao.org.br\/old-jp\/wp-json\/wp\/v2\/users\/1"}],"replies":[{"embeddable":true,"href":"https:\/\/camaradojapao.org.br\/old-jp\/wp-json\/wp\/v2\/comments?post=49"}],"version-history":[{"count":9,"href":"https:\/\/camaradojapao.org.br\/old-jp\/wp-json\/wp\/v2\/pages\/49\/revisions"}],"predecessor-version":[{"id":49186,"href":"https:\/\/camaradojapao.org.br\/old-jp\/wp-json\/wp\/v2\/pages\/49\/revisions\/49186"}],"wp:attachment":[{"href":"https:\/\/camaradojapao.org.br\/old-jp\/wp-json\/wp\/v2\/media?parent=49"}],"curies":[{"name":"wp","href":"https:\/\/api.w.org\/{rel}","templated":true}]}}